r?
True
Is 1217707 a prime number?
False
Is 13097 a prime number?
False
Is 165437 composite?
False
Is 35669 prime?
False
Is 63241 prime?
True
Is 731831 prime?
True
Is 36379 composite?
True
Is 322442 composite?
True
Is 2531 a composite number?
False
Is 10249 a prime number?
False
Is 25513 a prime number?
False
Is 42149 a prime number?
False
Is 5327 a prime number?
False
Is 107182 prime?
False
Is 2789 composite?
False
Is 630997 a composite number?
False
Is 1405 composite?
True
Is 51079 a composite number?
True
Is 30631 composite?
False
Is 99103 a composite number?
False
Is 92698 prime?
False
Is 1973 composite?
False
Is 143387 composite?
False
Is 13885 composite?
True
Is 4045 a prime number?
False
Is 4391 prime?
True
Is 316259 composite?
False
Is 814883 a prime number?
True
Is 31643 a composite number?
False
Is 217199 prime?
True
Is 236549 a prime number?
True
Is 17899 a prime number?
False
Is 7151 prime?
True
Is 120539 prime?
True
Is 46021 prime?
True
Is 189583 a composite number?
False
Is 6911 prime?
True
Is 1471 a prime number?
True
Is 2611 a prime number?
False
Is 141711 a composite number?
True
Is 234721 a composite number?
False
Is 4729 a composite number?
False
Is 56237 prime?
True
Is 102811 composite?
False
Is 82939 a prime number?
True
Is 2153 composite?
False
Is 317 composite?
False
Is 386602 composite?
True
Is 7057 composite?
False
Is 3694187 prime?
False
Is 355273 a composite number?
True
Is 919 prime?
True
Is 1086179 prime?
True
Is 66761 prime?
False
Is 291253 prime?
True
Is 2042447 a prime number?
False
Is 38149 composite?
False
Is 49237 a prime number?
False
Is 37333 composite?
True
Is 17279 a prime number?
False
Is 47774 a composite number?
True
Is 7453 prime?
False
Is 11521 a prime number?
False
Is 537439 a composite number?
True
Is 11519 composite?
False
Is 407 prime?
False
Is 132947 prime?
True
Is 52361 a prime number?
True
Is 4703 a prime number?
True
Is 1354471 composite?
False
Is 137063 a composite number?
True
Is 2391 a composite number?
True
Is 29101 composite?
False
Is 2005831 prime?
True
Is 4213 a prime number?
False
Is 4049 prime?
True
Is 18281 a prime number?
False
Is 2203 prime?
True
Is 81737 composite?
False
Is 301949 a composite number?
False
Is 52609 a prime number?
True
Is 23227 composite?
False
Is 3675305 a composite number?
True
Is 368077 composite?
False
Is 137251 a prime number?
True
Is 11027 a composite number?
False
Is 134141 composite?
True
Is 26557 a prime number?
True
Is 353 composite?
False
Is 14563 composite?
False
Is 597551 a prime number?
True
Is 4783 prime?
True
Is 3255635 a prime number?
False
Is 41669 prime?
True
Is 129205 composite?
True
Is 1187 a composite number?
False
Is 21269 composite?
False
Is 20135 composite?
True
Is 2387423 a prime number?
False
Is 136471 a composite number?
False
Is 4569 a composite number?
True
Is 21055 a prime number?
False
Is 493 composite?
True
Is 38089 composite?
True
Is 90227 a composite number?
False
Is 12349 a composite number?
True
Is 4285831 a prime number?
False
Is 341 prime?
False
Is 141533 a prime number?
False
Is 60127 composite?
False
Is 28837 prime?
True
Is 852367 prime?
True
Is 33659 a composite number?
True
Is 21709 prime?
False
Is 380591 a composite number?
False
Is 191299 composite?
False
Is 25723 a prime number?
False
Is 2266741 prime?
False
Is 3046019 prime?
False
Is 7841 composite?
False
Is 2447239 composite?
False
Is 1849447 a prime number?
False
Is 38051 a prime number?
False
Is 620507 prime?
True
Is 387183 a prime number?
False
Is 233907 composite?
True
Is 67339 a composite number?
False
Is 288383 prime?
True
Is 282229 composite?
False
Is 698 a prime number?
False
Is 530389 a prime number?
True
Is 4487 a composite number?
True
Is 11519 a prime number?
True
Is 1157 a prime number?
False
Is 1088807 composite?
False
Is 111653 composite?
False
Is 177703 composite?
True
Is 9599 prime?
False
Is 173153 a prime number?
False
Is 27437 prime?
True
Is 325423 prime?
False
Is 168323 a composite number?
False
Is 191963 a prime number?
False
Is 79303 composite?
True
Is 610819 composite?
True
Is 10541 a composite number?
True
Is 19717 a composite number?
False
Is 11483 a composite number?
False
Is 8353 a composite number?
False
Is 2204413 prime?
False
Is 769 prime?
True
Is 11623 a prime number?
False
Is 23189 composite?
False
Is 13835 a prime number?
False
Is 446554 composite?
True
Is 32869 prime?
True
Is 156143 a composite number?
True
Is 8095 composite?
True
Is 33109 prime?
False
Is 1883 composite?
True
Is 64643 a prime number?
False
Is 220327 a composite number?
False
Is 16313 a composite number?
True
Is 68065 a composite number?
True
Is 3137 composite?
False
Is 4303 composite?
True
Is 4591 a prime number?
True
Is 105137 prime?
True
Is 2501 prime?
False
Is 13522 composite?
True
Is 380983 a composite number?
False
Is 647033 a composite number?
False
Is 497155 a composite number?
True
Is 61327 a prime number?
False
Is 244393 composite?
False
Is 468257 prime?
False
Is 43751 composite?
True
Is 140129 a composite number?
True
Is 5729 prime?
False
Is 165793 a prime number?
False
Is 2843 a prime number?
True
Is 106462 prime?
False
Is 275699 prime?
True
Is 557 composite?
False
Is 172997 a composite number?
True
Is 1081153 composite?
False
Is 1363 composite?
True
Is 311867 a prime number?
True
Is 132929 prime?
True
Is 26707 a prime number?
False
Is 6119 a composite number?
True
Is 520822 a composite number?
True
Is 220355 a prime number?
False
Is 314747 prime?
True
Is 2053 a composite number?
False
Is 6821 composite?
True
Is 523707 prime?
False
Is 125401 a prime number?
False
Is 557 a prime number?
True
Is 1662883 a composite number?
False
Is 89951 a prime number?
False
Is 104197 a prime number?
False
Is 31757 a prime number?
False
Is 8061 composite?
True
Is 536417 a composite number?
True
Is 149893 composite?
False
Is 20189 a prime number?
False
Is 17729 a prime number?
True
Is 459421 a prime number?
True
Is 21001 a composite number?
False
Is 358 composite?
True
Is 26135 composite?
True
Is 202441 a composite number?
False
Is 13947 a prime number?
False
Is 115237 a prime number?
True
Is 37393 prime?
False
Is 47543 a prime number?
True
Is 5195 composite?
True
Is 539711 prime?
True
Is 241777 prime?
False
Is 17723 a prime number?
False
Is 18227 prime?
False
Is 1903 composite?
True
Is 375811 a prime number?
False
Is 668201 a composite number?
False
Is 69313 a prime number?
True
Is 2741 a composite number?
False
Is 54874 a prime number?
False
Is 1692947 a composite number?
False
Is 1511119 a composite number?
False
Is 143215 composite?
True
Is 2080977 a composite number?
True
Is 714601 a prime number?
True
Is 543187 composite?
False
Is 150677 a prime number?
False
Is 137401 a composite number?
True
Is 1588283 prime?
False
Is 544123 a composite number?
False
Is 627163 composite?
False
Is 650591 composite?
False
Is 27953 a composite number?
False
Is 5501 a composite number?
False
Is 483031 a composite number?
False
Is 994867 a composite number?
False
Is 1115 composite?
True
Is 9407 a composite number?
True
Is 840053 composite?
False
Is 76645 prime?
False
Is 8135 a composite number?
True
Is 13835 composite?
True
Is 9883 a prime number?
True
Is 92413 prime?
True
Is 3943 a prime number?
True
Is 4391 a prime number?
True
Is 3359 a prime number?
True
Is 13001 a prime number?
True
Is 6637 a composite number?
False
Is 7355 a composite number?
True
Is 170627 prime?
True
Is 28397 a composite number?
True
Is 18493 a prime number?
True
Is 7405 prime?
False
Is 13417 composite?
False
Is 14227 a composite number?
True
Is 6689 a prime number?
True
Is 416015 a composite number?
True
Is 20099 a prime number?
False
Is 2420399 composite?
False
Is 1123 prime?
True
Is 58699 a composite number?
False
Is 1361549 a composite number?
True
Is 25429 composite?
True
Is 578091 prime?
False
Is 7051 a composite number?
True
Is 1168619 a composite number?
False
Is 11027 prime?
True
Is 93089 a composite number?
False
Is 296069 a composite number?
True
Is 7540391 a composite number?
False
Is 2193155 composite?
True
Is 30499 composite?
True
Is 13714 composite?
True
Is 33223 prime?
True
Is 327979 a prime number?
True
Is 221462 composite?
True
Is 39547 prime?
False
Is 51434 a prime number?
False
Is 168851 